0 - -1) + (1 - (2 + -1)).
1
Evaluate 2 + -8 + -1 + (4 - 1).
-4
What is (-3 - 8) + (39 - 29)?
-1
-6 - ((3 - -2) + -10 + 1)
-2
What is the value of 0 - 3 - (27 + -24)?
-6
Calculate -8 + (-5 - -7) - 1.
-7
What is 1 + 0 + (-1 - (-1 + 1))?
0
Evaluate -1 + 2 - 5 - -8.
4
Calculate (-9 - (-3 - -2)) + -26 + 25.
-9
Evaluate -7 + -5 + 7 + 5.
0
Calculate 40 - 36 - (3 + (1 - 1)).
1
Calculate -6 + 11 + -3 + 3 + -5.
0
What is -6 + 5 + 11 + -5?
5
Calculate 9 + -1 + -6 + -1.
1
Calculate (-1 - (-12 + 2)) + 3 + -7.
5
-3 - (-4 - (-2 - -1) - 0)
0
(1 - 7 - (0 + -1)) + -4
-9
-6 + 0 + -8 + (6 - -3)
-5
Calculate 5 + -2 + -2 + -5.
-4
What is 3 - ((1 - -1) + (-1 - -1))?
1
What is -6 - -1 - (7 + -13)?
1
Evaluate -3 - 0 - ((-5 - 13) + 20).
-5
-1 - (9 + -5) - (-12 + 1)
6
What is -8 + -2 + 2 + 14?
6
What is the value of -5 - (0 - (-1 + 2))?
-4
What is the value of 1 + 4 + -7 + 6?
4
What is the value of 5 - ((6 - 0) + -4)?
3
Evaluate 8 - (-7 - (-5 + -9)).
1
(3 - 5) + (9 - 7) - 1
-1
Calculate 2 + -6 + -5 + 5 - -6.
2
What is (8 - -2) + 3 + -7?
6
Calculate -10 - (4 + -8) - (3 - 4).
-5
1 + (-6 - (-1 + -4))
0
What is 1 - (9 + -5 + (5 - 3))?
-5
What is -3 + -22 + 28 + -1 + 1?
3
Calculate -10 + (-10 - -7) + 10.
-3
Evaluate -4 - (0 + (4 - 0 - 0)).
-8
What is the value of 2 + -1 - (8 + -5)?
-2
Calculate 8 - (1 + 0 - (-18 + 19)).
8
Evaluate -3 - ((1 - 2 - -5) + -4).
-3
What is (-25 - -16) + (5 - -1)?
-3
Evaluate (-73 - -79) + -5 + (2 - 1).
2
-7 - 3 - -2 - (0 - 9)
1
Calculate (-14 - -3) + 4 - -4 - 5.
-8
What is the value of (-7 - 0 - -10) + 4?
7
Calculate 6 - ((-6 - -21) + -7).
-2
What is -3 + 1 + 4 - (2 + 2)?
-2
4 + -4 + -1 + 9
8
2 - (4 - (-1 - (2 - 3)))
-2
Evaluate 0 + 2 + 1 - (11 + -13).
5
10 - (19 - (12 - 6))
-3
Evaluate 4 + (0 + -1 + 0 - -2).
5
What is the value of 1 - -2 - (-7 + 7)?
3
What is the value of (3 + -6 - -1) + 5 + -1?
2
What is the value of (26 - (19 - -14)) + (-1 - 0)?
-8
Calculate 6 - (17 - (0 + 3)).
-8
Calculate (1 - 0) + 1 + -1.
1
What is 20 + -16 - (2 + -1 + -1)?
4
What is 10 - (14 - (7 - -2))?
5
What is the value of 4 + (6 - (8 - -1))?
1
2 + -1 - ((-1 - -6) + -2)
-2
What is -4 + 3 + -1 + -1 + -2?
-5
Calculate -2 - (0 + 1 + (-11 - -13)).
-5
Calculate (0 - ((-5 - -2) + 2)) + -1.
0
What is 1 + (0 - 4) + (-2 - -5)?
0
What is (6 - 4 - -3) + -10?
-5
(15 - (-15 - -31)) + (8 - -1)
8
6 + (7 - 16) + (1 - 0)
-2
What is the value of -90 - -90 - (-9 + 2)?
7
Evaluate 0 + -7 - (25 - 30) - 1.
-3
What is the value of 7 + -4 + -3 - 4?
-4
Evaluate -8 - (4 + 9 + -13).
-8
What is -3 - (0 + 4 + -3)?
-4
What is the value of -3 + (7 + 1 - 0 - -1)?
6
6 + 8 + -8 - 2 - -4
8
Evaluate -4 + 5 - 7 - -6.
0
What is the value of -1 - (-4 - (-4 + 3))?
2
What is -6 - -1 - (17 - 36 - -11)?
3
What is the value of 7 + -3 + (-2 - 2)?
0
Evaluate (-1 - -3) + 1 - 5.
-2
(0 - (-2 + -3) - 0) + -6
-1
Evaluate 5 - (-5 - -5) - 0.
5
What is 0 - (3 + 3 + 1 + -1)?
-6
What is -7 + (0 - -5) + -3?
-5
Evaluate -4 + (14 - 4) + -5 + -6.
-5
What is the value of (-2 - (-8 + 5)) + 1?
2
What is -10 + 5 + -16 + 15?
-6
Evaluate 6 + 1 + (-20 - -5) + 10.
2
Calculate 13 + -3 - (8 + -2).
4
What is -1 + 9 - (3 - -1 - -1)?
3
-1 + 1 + -1 - (24 + -26)
1
Evaluate 0 + -8 - (-30 - -19).
3
Calculate 0 - 0 - (3 + 9 + -8).
-4
What is the value of (-3 - -13) + -9 - (-1 + 7)?
-5
(-1 + 4 - 5) + (-2 - -6)
2
Evaluate -1 + -2 - (-9 + 11).
-5
What is (-1 - -7) + (-11 - (0 + -8))?
3
What is the value of 0 + (-4 - (5 + -7)) + -1?
-3
Calculate -2 + 0 - (5 + -5).
-2
What is (1 - -4) + 13 + -10 + 1?
9
Evaluate (0 - -2) + (4 - (6 + 0)).
0
-3 - 0 - (-5 - -12) - -2
-8
Evaluate 2 - -7 - 15 - (0 - 2).
-4
1 - -4 - ((3 - 3) + 3)
2
What is the value of 7 - ((-10 - -7) + 18)?
-8
Calculate (8 - 7) + -1 + 0.
0
8 + (4 - -8) + -6 + -6
8
What is the value of -6 - ((-3 - -2) + -4)?
-1
Calculate 4 - (-4 + (1 - 8) + 22).
-7
What is -12 + 10 + (1 - 0)?
-1
Calculate (1 - 3) + (-2 - (4 - 8)).
0
What is the value of -5 + -4 + 8 - -2?
1
Evaluate (-2 - (-2 - (7 - 10))) + 0.
-3
What is (-6 - (-2 - 4)) + 4?
4
Evaluate (-52 + 48 - (0 - -3)) + 1.
-6
Evaluate -13 - (16 + -11 + -21).
3
1 + (-3 - -4) + 42 + -47
-3
Evaluate (6 - 11) + 3 + -1 + 3.
0
Evaluate -6 + 4 - (0 + 1).
-3
Calculate (6 - 19) + -5 + 9.
-9
Evaluate 2 + (-5 - (0 + 2)) - -9.
4
Calculate -2 - (3 + -9) - 8.
-4
What is the value of 4 + -16 + -2 + 0 + 6?
-8
What is 0 - (5 + -4) - (6 + -2)?
-5
Evaluate 7 + -2 + -8 + 8.
5
0 - (3 + 0 - 1) - -1
-1
-1 - (2 - (-3 - -4 - -2))
0
What is the value of (2 - 0) + (-2 - 4)?
-4
What is the value of -3 + (28 + -20 - (1 + 2))?
2
What is the value of (-6 - -3) + (3 - 2)?
-2
Calculate 5 + -3 - (-1 + -1 + 5).
-1
Calculate -6 + 4 + 1 - -3.
2
Calculate -3 + 1 - 5 - (3 + -8).
-2
What is the value of -9 - (-10 + 0 - -10)?
-9
-2 - -8 - (10 + -4)
0
-6 - 1 - (-62 - -60)
-5
What is the value of (2 - 3) + (-3 - -3)?
-1
Calculate -4 - (3 + (-3 + 3 - 2)).
-5
Calculate 12 + (-11 - -6 - 1) - 6.
0
Calculate (-4 - (8 + -17)) + -3.
2
-3 + 1 + 2 + 11
11
Calculate (8 - 15 - -1) + 11.
5
(-9 - 0) + (13 - 6)
-2
What is the value of (-25 - -21) + 7 + 2?
5
Calculate (-12 - -1) + 10 - (4 - 1).
-4
-9 + 3 + (1 - -7)
2
What is the value of (-9 - -5) + 8 + -5?
-1
3 + (-2 + 0 - (-1 + 0))
2
What is the value of (-7 + -1 - -4 - -2) + 1?
-1
What is the value of (-6 - (-6 + -6)) + (-13 - -5)?
-2
What is -7 + -2 + 9 + -5?
-5
2 + -3 + 0 + 1 + -3
-3
What is the value of 1 - 2 - (7 + -3) - -1?
-4
What is the value of -3 - (3 + -9) - 1?
2
What is the value of (-3 - -4) + -6 - -3?
-2
Evaluate 6 - -9 - (12 + -2).
5
What is the value of 4 + -7 - (-4 - (0 + 1))?
2
Calculate -30 + 38 + (-2 - 1).
5
What is -1 - 4 - -8 - -1?
4
What is the value of (59 - 57) + 0 + 1?
3
0 + (-6 - -2) + 2
-2
What is the value of -3 - (-4 + -1 + 4)?
-2
Evaluate -7 + (-2 - -7) + 7.
5
What is the value of 2 + -6 + 7 + (4 - 3)?
4
Evaluate (-2 - -8) + -11 + 6.
1
What is (8 - 3 - 8) + (-1 - 1)?
-5
What is the value of (3 - 0) + -85 + 83?
1
What is the value of (298 - 306) + 0 + 17?
9
Evaluate 0 - -4 - (131 + -126).
-1
Calculate -1 + 3 + 1 + -5.
-2
Evaluate 2 - 0 - (-2 - 2) - 7.
-1
What is the value of 5 - (-2 + 3 + 2 + -5)?
7
0 + 0 + (-5 + 2 - -7)
4
-4 + -1 + (38 - 42)
-9
Evaluate (-9 - -2) + (5 - (-5 + 4)).
-1
Calculate 7 - (-3 + 13 + -14).
11
(5 - 1) + -10 - (-10 + 11)
-7
77 - 71 - (1 - (-4 - 0))
1
Calculate -1 - (3 + -3 + 1).
-2
7 + (-4 - 4) + 5
4
Evaluate 3 - (1 + (5 - 3)).
0
-3 - 0 - 1 - -7
3
What is 2 + (-6 - -2) - 2?
-4
Evaluate 7 + 1 + -5 + -1 + -3.
-1
What is 16 - (-12 + (21 - 0))?
7
What is the value of 4 + 0 + (-1 - 3) + -4?
-4
What is -4 + 2 - (-11 - -4)?
5
6 + -2 + -3 + 6 - 8
-1
What is the value of 17 + (-13 - -6) - (1 - 0)?
9
-1 - -9 - (13 - 1 - 8)
4
Evaluate -23 + 6 + 14 + (11 - 0).
8
-5 + 6 + 9 - 6
4
Calculate 0 + -2 - (-8 + -4 + 16).
-6
What is -4 + 1 - (-1 + -7 - -2)?
3
Evaluate (1 + 5 - 3) + 1.
4
What is the value of (4 - (3 - -2)) + (-3 - -2)?
-2
Calculate 5 - ((-1 - (-2 + -4)) + 4).
-4
Calculate 4 + (-3 - (1 - 3)).
3
What is the value of (-2 - 0) + 12 + -11?
-1
What is the value of -3 + -1 + (21 - 20)?
-3
1 - (0 + -4 + 3)
2
Evaluate 7 + -1 - (-42 - -44).
4
What is 12 + -14 + (-2 - (0 - 1))?
-3
8 - (-5 + 19 - 0)
-6
What is 1 - (1 - -3 - 3)?
0
What is (-8 - 1) + -1 - -4?
-6
(-1 - (-13 + 6)) + -2 + 1
5
Evaluate -5 + 3 + 9 + -9.
-2
27 + -30 + 3 + 0 + -1
-1
Evaluate 75 + -75 - (-2 + (1 - -1)).
0
Calculate (1 - (-2 - -2)) + (0 - 1).
0
What is the value of (-9 - (-5 - 8)) + -5?
-1
What is the value of -7 + 0 + (-8 - -6) + 3?
-6
Calculate -1 + -4 + (-2 + 1 - -4).
-2
What is the value of -2 - ((-1 - (-1 - 2)) + -1)?
-3
Calculate -3 + -15 - (-5 - 6).
-7
What is -4 - -1 - (-4 + (1 - -4))?
-4
Calculate -15 - (-13 - -5) - (-13 + 0).
6
What is the value of 0 - (-3 - (2 + -2))?
3
What is (2 - (1 + (1 - 3))) + -3?
0
11 + -10 - (-1 + 2)
0
Evaluate -7 + (11 - 2) + -3.
-1
Evaluate -1 - -3 - 0 - (-1 - -6).
-3
What is the value of 2 + -3 + (1 - 2) - -7?
5
Calculate (-3 - -3) + (-9 - -5).
-4
Calculate -7 + (3 - -6) + (-3 - 2).
-3
1 - (-3 - (-2 - (-6 - -8)))
0
Evaluate 11 + -14 - (-1 - 1).
-1
What is 46 + -32 - (11 + -2)?
5
What is -1 - (-8 - -9) - (0 - 5)?
3
What is the value of 1 + (-1 - (-2 - 1) - 8)?
-5
(-1 - -5 - 3) + -1
0
What is the value of (1 + (-4 - -4) - -4) + 0?
5
What is 4 - (13 + -4) - -13?
8
What is the value of (-4 - 0) + (8 - 1)?
3
(0 